293. What is c(15)?
-23
Let t(f) = -f**2 + f + 86. Calculate t(-12).
-70
Let t(w) = 3610*w + 974692. Calculate t(-270).
-8
Let a(r) = -47706*r - 4293539. Determine a(-90).
1
Let c(s) = 49*s**2 + 50*s - 80. Give c(-4).
504
Let u(q) = -q**2 + 20499*q - 164006. Calculate u(8).
-78
Let a(h) = h**2 - 2302*h - 44081. Calculate a(-19).
18
Let u(r) = -241*r - 6940. Calculate u(-29).
49
Let x(u) = -3*u**2 + 3287*u - 764051. Give x(761).
-7
Let y(s) = -s**3 - 9*s**2 - 166*s - 1057. Determine y(-7).
7
Let s(y) = 3*y**2 + 298*y - 801. Give s(-103).
332
Let p(j) = -3*j**3 - 34*j**2 + 297*j + 82. Determine p(8).
-1254
Let v(f) = 1465*f + 23288. Calculate v(-16).
-152
Let k(h) = 63998*h - 383997. Determine k(6).
-9
Let w(a) = 2*a**2 + 16*a + 41. What is w(15)?
731
Let w(v) = 11982*v - 49337. What is w(4)?
-1409
Let g(u) = u**2 - 8707*u - 78456. Give g(-9).
-12
Let s(h) = -h**2 + 163*h - 5954. What is s(106)?
88
Let w(s) = -s**3 - 124*s**2 - 1249*s - 722. Give w(-113).
-44
Let t(j) = 9509*j + 47615. Determine t(-5).
70
Let t(x) = 304*x - 4697. Calculate t(17).
471
Let w(t) = -3*t**3 - 16*t**2 + 1348*t + 273. What is w(-24)?
177
Let x(a) = -3*a**2 - 674*a + 385561. Determine x(-488).
41
Let y(a) = -71147*a + 355740. What is y(5)?
5
Let y(n) = n**3 - 121*n**2 + 1505*n + 18369. Determine y(105).
-6
Let g(k) = 4*k**2 + 22*k - 184459. What is g(212)?
-19
Let w(d) = d**2 + 134264*d - 1208438. Give w(9).
19
Let y(z) = -6*z**2 - 4625*z + 80496. Determine y(17).
137
Let x(c) = -9*c**2 + 126*c + 208. What is x(15)?
73
Let q(k) = -5*k**2 + 838*k + 5482. What is q(173)?
811
Let p(j) = j**3 + 30*j**2 - 132*j - 4671. What is p(-29)?
-2
Let k(f) = 133*f + 484. Calculate k(-4).
-48
Let p(w) = w**3 + 30*w**2 - 1121*w - 17496. Determine p(-13).
-50
Let h(u) = -126*u + 84. Give h(0).
84
Let x(t) = 47079*t - 72. Give x(0).
-72
Let u(b) = -271*b**3 - 3*b**2 + 29*b + 32. Calculate u(-1).
271
Let d(l) = 2*l**3 - 606*l**2 + 556*l + 14404. What is d(302)?
-92
Let q(u) = -26*u - 1919. Determine q(-95).
551
Let x(w) = 58*w - 174. Give x(2).
-58
Let s(r) = 2*r**3 + 130*r**2 - 2823*r - 2524. Determine s(-82).
346
Let c(y) = -73*y - 887. Calculate c(-12).
-11
Let h(u) = u**2 - 47*u + 10. What is h(-9)?
514
Let f(a) = 5*a**2 + 141*a - 1366. Determine f(9).
308
Let r(x) = x**3 + 243*x**2 - 742*x - 1000. Determine r(-246).
-16
Let u(w) = -141603*w - 8. Calculate u(0).
-8
Let z(r) = -80*r**2 - 61*r + 100. Give z(2).
-342
Let b(u) = u**3 - 17*u**2 + 60*u + 11. What is b(3)?
65
Let m(c) = -c**2 - 1621*c + 627821. What is m(323)?
-91
Let m(x) = -60375*x - 2173421. What is m(-36)?
79
Let j(w) = -107657*w + 215212. Calculate j(2).
-102
Let h(z) = z**2 - 45*z - 98349. Calculate h(337).
55
Let w(o) = -34323*o - 412344. Give w(-12).
-468
Let w(u) = 14*u**3 + 145*u**2 + 2*u - 7. What is w(-10)?
473
Let a(i) = 4*i**2 + 753*i - 2281. Determine a(-193).
1386
Let b(j) = -j**2 + 37795*j - 3205342. Calculate b(85).
8
Let v(i) = -210*i**2 + 5886*i - 83. Give v(28).
85
Let v(m) = m**3 + 7*m**2 - 101*m - 11. Determine v(-12).
481
Let s(m) = m**3 + 57*m**2 + 494*m + 21123. What is s(-55)?
3
Let w(h) = 250394*h + 6009447. Determine w(-24).
-9
Let z(a) = -5*a**3 + 10*a**2 + 120*a - 905. Calculate z(7).
-1290
Let n(d) = -11*d**2 - 291*d + 827. Determine n(-29).
15
Let x(n) = 215*n**2 + 38929*n + 2200. Calculate x(-181).
-334
Let t(o) = 144*o**2 - 98*o + 4. Calculate t(-3).
1594
Let a(b) = b**2 - 60*b - 910. Determine a(71).
-129
Let b(f) = -16*f**2 + 885*f - 1186. Give b(54).
-52
Let j(c) = -282259*c - 1693533. What is j(-6)?
21
Let s(r) = -5*r**2 - 458*r + 2907. Give s(6).
-21
Let i(b) = -173*b**2 + 2209*b + 5122. What is i(-2)?
12
Let n(u) = -u**3 + 54*u**2 - 760*u + 1195. What is n(31)?
-262
Let n(a) = -12*a**3 - 1061*a**2 + 621*a - 125. What is n(-89)?
53
Let t(p) = 4*p**2 - 1406*p - 15817. Calculate t(-11).
133
Let h(g) = g**3 + 1504*g**2 + 45674*g + 16203. Calculate h(-1473).
0
Let k(d) = 466*d**2 + 318*d - 633. Calculate k(2).
1867
Let g(v) = 17*v**3 + 746*v**2 + 4385*v - 30. What is g(-7)?
-2
Let q(b) = -114*b + 361. What is q(-8)?
1273
Let j(x) = 18248*x - 656916. Give j(36).
12
Let v(c) = 263*c - 27383. Determine v(116).
3125
Let d(j) = 2213*j - 66405. Determine d(30).
-15
Let y(t) = 5927*t + 622338. Give y(-105).
3
Let f(k) = -14*k**2 - 578*k - 5248. Give f(-19).
680
Let h(k) = -29*k**2 - 718*k + 22313. Give h(18).
-7
Let r(l) = 4118*l + 65709. What is r(-16)?
-179
Let s(u) = -39803*u + 676788. What is s(17)?
137
Let j(k) = 6*k**3 + 29*k**2 - 329*k - 163. Give j(-10).
27
Let j(q) = 34*q**2 + 632*q + 265. Determine j(-18).
-95
Let q(h) = 2*h**3 + 17*h**2 + 23074*h + 115180. Calculate q(-5).
-15
Let t(s) = 2*s**3 + 12*s**2 - 163*s + 235. Calculate t(-16).
-2277
Let h(y) = 186*y**2 + 68095*y + 6951. Give h(-366).
-3
Let w(c) = -c**2 - 90*c + 170. What is w(-102)?
-1054
Let v(a) = -2*a**2 + 1588*a + 37587. Give v(-23).
5
Let b(a) = 1195*a - 562729. What is b(471)?
116
Let z(i) = 53*i**2 + 7629*i - 692. Give z(-144).
-260
Let q(z) = 115*z**2 + 274*z - 273. Give q(1).
116
Let w(v) = -v**3 + 13*v**2 + 21*v - 391. Determine w(6).
-13
Let w(h) = 2*h**2 - 726*h + 12430. Calculate w(18).
10
Let r(z) = z**2 - 16349*z + 196078. Calculate r(12).
34
Let p(s) = -s**2 - 1240*s - 46677. Calculate p(-39).
162
Let s(j) = 21*j**2 + 2286*j + 724. What is s(-108)?
-1220
Let r(c) = 35*c**3 + 769*c**2 - 27*c - 12. Give r(-22).
98
Let n(r) = 40437*r + 40779. Determine n(-1).
342
Let y(a) = -a**3 + 69*a**2 + 420*a + 260. Determine y(-5).
10
Let n(x) = 3621*x + 54278. What is n(-15)?
-37
Let t(w) = -148373*w + 2374016. Give t(16).
48
Let m(y) = -y**2 - 8686*y - 216520. Determine m(-25).
5
Let p(h) = h**2 - 518*h + 55425. Calculate p(151).
8
Let l(j) = 8*j**3 + 36*j**2 - 5*j + 2. Determine l(-4).
86
Let o(b) = 431900*b - 1727552. Determine o(4).
48
Let b(h) = 2*h**3 - 43*h**2 + 117*h - 40. Give b(8).
-832
Let r(n) = 2*n**2 - 8083*n + 72704. Determine r(9).
119
Let l(n) = -2*n**3 - 205*n**2 - 508*n - 239. Calculate l(-100).
561
Let t(l) = l**2 + 26*l - 36. What is t(-29)?
51
Let f(t) = 3*t**2 - 45*t - 1128. Determine f(38).
1494
Let k(o) = -453*o + 684. Determine k(3).
-675
Let m(o) = -23149*o - 717611. Calculate m(-31).
8
Let r(x) = -x**3 - 154*x**2 + 487*x + 2562. What is r(-157)?
50
Let n(g) = 8*g**2 + 63*g - 772. Determine n(11).
889
Let w(s) = 4*s**2 + 581*s + 19879. Give w(-64).
-921
Let s(m) = 432*m**2 - 74*m - 145. Determine s(-2).
1731
Let w(x) = -38*x**3 + 4*x**2 + 97*x - 198. Determine w(2).
-292
Let r(n) = -n**2 - 2848*n + 22889. Calculate r(8).
41
Let p(c) = 2*c**2 - 1063*c - 270600. Give p(-188).
-68
Let o(w) = -11*w**2 - 44*w + 709. Determine o(8).
-347
Let v(x) = -x**3 + 39*x**2 - 612*x + 6558. What is v(25)?
8
Let h(l) = 6*l**2 + 219*l + 297. Calculate h(-40).
1137
Let r(z) = 3970*z - 357353. Calculate r(90).
-53
Let l(p) = -12*p**3 + 28*p**2 + 134*p - 152. Calculate l(5).
-282
Let v(r) = -96*r**2 - 26401*r - 266. Calculate v(-275).
9
Let a(p) = -4*p**2 + 61*p + 26517. Determine a(89).
262
Let i(f) = -56*f**2 - 55*f - 135. Give i(-3).
-474
Let j(u) = 25*u**3 + 1127*u**2 + 89*u - 63. What is j(-45)?
-18
Let c(f) = 9130*f - 264742. Calculate c(29).
28
Let c(d) = -d**3 + 4*d**2 - 3*d + 583. Give c(9).
151
Let o(q) = 2*q**3 + 3*q**2 - 12*q - 182. Give o(5).
83
Let s(o) = 3*o**3 + 146*o**2 - 1038*o + 308. Determine s(-55).
-77
Let l(i) = -37*i**3 - 511*i**2 - 796*i + 96. Determine l(-12).
0
Let c(x) = -11*x**2 + 277*x + 877. Calculate c(-3).
-53
Let a(h) = 501*h + 114211. What is a(-228)?
-17
Let m(k) = 2*k**3 + 119*k**2 - 168*k + 10. Give m(-61).
-905
Let y(m) = -6568*m - 1077138. Calculate y(-164).
14
Let g(j) = 1118*j + 91707. Give g(-82).
31
Let m(n) = -25253*n - 2575805. Give m(-102).
1
Let j(u) = -2*u**2 - 691*u - 46636. Determine j(-254).
-154
Let v(f) = 2*f**3 + 39*f**2 + 42*f - 111. What is v(-18)?
105
Let r(w) = -w**3 + 109*w**2 + 703*w + 71. Determine r(-6).
-7
Let a(t) = 6*t**3 + 11*t**2 - 883*t + 3304. Determine a(4).
332
Let y(b) = -10*b**3 - 80*b**2 - 281*b - 2215. Determine y(-8).
33
Let a(c) = -10*c**2 + 7800*c - 1514220. Give a(416).
20
Let o(n) = -n**2 - 688*n - 963. Calculate o(0).
-963
Let o(j) = -932*j**3 + 4*j**2 - 4*j - 8. What is o(-1)?
932
Let n(w) = 33174*w + 199407. Determine n(-6).
363
L